lculate the highest common divisor of 50715 and 49.
49
What is the highest common factor of 1259760 and 15312?
1392
What is the greatest common factor of 4 and 12748?
4
Calculate the greatest common factor of 271706 and 146.
146
What is the greatest common divisor of 52 and 724?
4
Calculate the highest common divisor of 16 and 9148.
4
What is the highest common factor of 595830 and 30?
30
Calculate the greatest common factor of 3400 and 150.
50
What is the highest common factor of 2 and 7389?
1
What is the highest common factor of 231 and 18623?
11
What is the greatest common divisor of 4781943 and 27?
27
Calculate the highest common factor of 661 and 193.
1
What is the greatest common factor of 1480491 and 135?
27
What is the highest common divisor of 6958 and 120638?
98
What is the highest common divisor of 285 and 115?
5
What is the highest common divisor of 198 and 74250?
198
What is the greatest common factor of 1084584 and 12?
12
Calculate the greatest common divisor of 234 and 3825.
9
Calculate the greatest common divisor of 340990 and 78.
26
Calculate the highest common divisor of 7144 and 1175.
47
What is the greatest common divisor of 2790 and 4247?
31
Calculate the highest common divisor of 430 and 2137960.
430
What is the greatest common divisor of 409 and 19?
1
What is the greatest common factor of 1944 and 30861?
243
Calculate the greatest common factor of 1054 and 54746.
62
Calculate the highest common divisor of 6984 and 216.
72
Calculate the highest common factor of 8 and 89646.
2
Calculate the highest common factor of 258185 and 20.
5
Calculate the highest common factor of 130 and 24791.
13
Calculate the highest common factor of 830 and 8960.
10
What is the highest common divisor of 4984 and 1262198?
1246
What is the highest common factor of 1736 and 10344?
8
What is the greatest common factor of 6908 and 704?
44
Calculate the highest common divisor of 4602 and 2714.
118
Calculate the highest common factor of 6850 and 200.
50
What is the greatest common factor of 208 and 471367?
13
Calculate the greatest common divisor of 14745 and 2595.
15
Calculate the highest common factor of 3325 and 400729.
133
Calculate the greatest common factor of 798 and 8022.
42
Calculate the greatest common divisor of 42 and 79278.
6
Calculate the greatest common factor of 13 and 35269.
13
Calculate the greatest common factor of 4321 and 551.
29
Calculate the highest common factor of 79120 and 97911.
989
Calculate the greatest common divisor of 456 and 4140328.
152
Calculate the greatest common divisor of 99 and 147521.
11
What is the highest common divisor of 196 and 14140?
28
What is the greatest common divisor of 825 and 10275?
75
What is the greatest common divisor of 200 and 10075900?
100
What is the greatest common divisor of 255 and 80835?
255
Calculate the greatest common factor of 308 and 7112.
28
Calculate the highest common factor of 35428 and 1564.
68
What is the highest common divisor of 24 and 60339?
3
What is the highest common factor of 792 and 120120?
264
What is the greatest common divisor of 130 and 1310?
10
What is the greatest common factor of 993 and 24?
3
What is the greatest common divisor of 341946 and 726?
726
What is the highest common factor of 58 and 1276?
58
What is the highest common divisor of 238 and 266441?
119
Calculate the greatest common factor of 9219 and 1018041.
1317
What is the highest common divisor of 593318 and 596?
298
Calculate the greatest common factor of 49024 and 1408.
128
Calculate the highest common factor of 491071 and 3844.
961
What is the greatest common divisor of 460383 and 198?
33
What is the highest common divisor of 295 and 4720?
295
Calculate the greatest common factor of 7826 and 494.
26
What is the greatest common factor of 6 and 9678?
6
Calculate the greatest common divisor of 808605 and 90.
45
Calculate the greatest common factor of 938280 and 264.
24
Calculate the greatest common factor of 3585 and 390.
15
What is the highest common divisor of 13955 and 5?
5
Calculate the highest common divisor of 44160 and 26240.
640
What is the greatest common divisor of 70 and 128065?
35
Calculate the greatest common divisor of 30575 and 100.
25
Calculate the highest common factor of 8515 and 69430.
655
What is the highest common factor of 651182 and 9457?
1351
What is the highest common factor of 233733 and 612?
51
What is the highest common divisor of 4 and 13324?
4
Calculate the highest common divisor of 208078 and 302.
302
What is the highest common divisor of 2336 and 290978?
146
What is the greatest common factor of 152541 and 51?
51
What is the greatest common factor of 2385 and 625?
5
Calculate the greatest common factor of 8 and 1125400.
8
Calculate the greatest common factor of 64 and 8263.
1
Calculate the greatest common factor of 644 and 154744.
92
Calculate the greatest common factor of 1122 and 867.
51
Calculate the highest common factor of 203 and 9961.
7
What is the highest common divisor of 17000 and 20740?
340
Calculate the greatest common divisor of 4508 and 18193.
161
What is the highest common divisor of 30 and 2990290?
10
Calculate the highest common divisor of 224 and 76594.
14
What is the greatest common factor of 47 and 565?
1
Calculate the greatest common factor of 168 and 736716.
12
What is the greatest common divisor of 2154658 and 33?
11
Calculate the greatest common factor of 11 and 160732.
11
Calculate the greatest common factor of 120517 and 931.
19
Calculate the greatest common factor of 4627 and 33711.
661
Calculate the highest common factor of 1395 and 56505.
15
What is the greatest common factor of 108 and 133677?
27
What is the greatest common factor of 32252 and 924?
44
Calculate the highest common divisor of 931 and 589.
19
Calculate the highest common factor of 12996 and 27.
9
What is the highest common divisor of 887256 and 360?
72
Calculate the highest common factor of 108 and 16908.
12
Calculate the highest common factor of 42 and 430689.
21
Calculate the highest common divisor of 13728 and 55616.
352
Calculate the highest common divisor of 4990 and 2430.
10
What is the highest common divisor of 149 and 1232528?
149
Calculate the highest common factor of 621 and 29241.
27
Calculate the greatest common factor of 8 and 3592432.
8
What is the greatest common factor of 162 and 9522?
18
What is the greatest common factor of 1470 and 2660?
70
Calculate the greatest common factor of 142 and 624.
2
Calculate the highest common factor of 276 and 142278.
138
What is the greatest common divisor of 14410 and 880?
110
What is the highest common factor of 4152 and 240297?
519
Calculate the highest common factor of 107 and 735197.
107
Calculate the highest common divisor of 3971 and 88.
11
What is the greatest common divisor of 7220 and 190247?
361
What is the greatest common factor of 13871 and 442805?
1067
Calculate the greatest common factor of 9 and 1317.
3
Calculate the highest common divisor of 1620 and 140.
20
Calculate the highest common divisor of 2065 and 3290.
35
Calculate the greatest common divisor of 416 and 71552.
416
Calculate the highest common factor of 646 and 532.
38
What is the greatest common factor of 2 and 4198?
2
Calculate the highest common divisor of 82 and 375437.
41
What is the greatest common divisor of 1775809 and 49?
49
Calculate the highest common divisor of 208 and 2160.
16
Calculate the highest common divisor of 105609 and 2079.
21
Calculate the greatest common factor of 2472 and 35976.
24
Calculate the greatest common divisor of 252 and 1261428.
84
What is the highest common divisor of 1891 and 7099?
31
Calculate the greatest common divisor of 794110 and 10.
10
What is the greatest common factor of 54 and 3924?
18
Calculate the highest common divisor of 4374 and 3456.
54
What is the greatest common factor of 66068 and 9960?
332
Calculate the greatest common divisor of 39701 and 27380.
1369
What is the highest common divisor of 26064 and 2364?
12
What is the highest common divisor of 165 and 735?
15
What is the greatest common divisor of 38869 and 188?
47
Calculate the greatest common factor of 26 and 159458.
26
What is the greatest common factor of 6993 and 185703?
777
What is the highest common divisor of 173 and 5383933?
173
Wh